{"version":"1.0","provider_name":"Vodido","provider_url":"http:\/\/www.vodido.com","author_name":"Edit\u00f6r","author_url":"http:\/\/www.vodido.com\/index.php\/author\/vodido\/","title":"IPHONE 8 EKRANLARINA NE OLUYOR? - Vodido","type":"rich","width":600,"height":338,"html":"<blockquote class=\"wp-embedded-content\"><a href=\"http:\/\/www.vodido.com\/index.php\/2017\/10\/09\/iphone-8-ekranlarina-ne-oluyor\/\">IPHONE 8 EKRANLARINA NE OLUYOR?<\/a><\/blockquote>\n<script type='text\/javascript'>\n<!--\/\/--><![CDATA[\/\/><!--\n\t\t\/*! This file is auto-generated *\/\n\t\t!function(d,l){\"use strict\";var e=!1,n=!1;if(l.querySelector)if(d.addEventListener)e=!0;if(d.wp=d.wp||{},!d.wp.receiveEmbedMessage)if(d.wp.receiveEmbedMessage=function(e){var t=e.data;if(t)if(t.secret||t.message||t.value)if(!\/[^a-zA-Z0-9]\/.test(t.secret)){for(var r,i,a,s=l.querySelectorAll('iframe[data-secret=\"'+t.secret+'\"]'),n=l.querySelectorAll('blockquote[data-secret=\"'+t.secret+'\"]'),o=new RegExp(\"^https?:$\",\"i\"),c=0;c<n.length;c++)n[c].style.display=\"none\";for(c=0;c<s.length;c++)if(r=s[c],e.source===r.contentWindow){if(r.removeAttribute(\"style\"),\"height\"===t.message){if(1e3<(a=parseInt(t.value,10)))a=1e3;else if(~~a<200)a=200;r.height=a}if(\"link\"===t.message)if(i=l.createElement(\"a\"),a=l.createElement(\"a\"),i.href=r.getAttribute(\"src\"),a.href=t.value,o.test(a.protocol))if(a.host===i.host)if(l.activeElement===r)d.top.location.href=t.value}}},e)d.addEventListener(\"message\",d.wp.receiveEmbedMessage,!1),l.addEventListener(\"DOMContentLoaded\",t,!1),d.addEventListener(\"load\",t,!1);function t(){if(!n){n=!0;for(var e,t,r=-1!==navigator.appVersion.indexOf(\"MSIE 10\"),i=!!navigator.userAgent.match(\/Trident.*rv:11\\.\/),a=l.querySelectorAll(\"iframe.wp-embedded-content\"),s=0;s<a.length;s++){if(!(e=a[s]).getAttribute(\"data-secret\"))t=Math.random().toString(36).substr(2,10),e.src+=\"#?secret=\"+t,e.setAttribute(\"data-secret\",t);if(r||i)(t=e.cloneNode(!0)).removeAttribute(\"security\"),e.parentNode.replaceChild(t,e)}}}}(window,document);\n\/\/--><!]]>\n<\/script><iframe sandbox=\"allow-scripts\" security=\"restricted\" src=\"http:\/\/www.vodido.com\/index.php\/2017\/10\/09\/iphone-8-ekranlarina-ne-oluyor\/embed\/\" width=\"600\" height=\"338\" title=\"&#8220;IPHONE 8 EKRANLARINA NE OLUYOR?&#8221; &#8212; Vodido\" frameborder=\"0\" marginwidth=\"0\" marginheight=\"0\" scrolling=\"no\" class=\"wp-embedded-content\"><\/iframe>","thumbnail_url":"http:\/\/www.vodido.com\/wp-content\/uploads\/2017\/10\/media_xll_9133574.jpg","thumbnail_width":510,"thumbnail_height":288,"description":"IPHONE 8 EKRANLARINA NE OLUYOR? Apple ge\u00e7ti\u011fimiz aylarda \u00fcr\u00fcnlerini tan\u0131tm\u0131\u015f ve bir\u00e7ok yenilik, geli\u015ftirme ile takip\u00e7ilerinin olumlu tepkilerini alm\u0131\u015ft\u0131. Y\u0131llard\u0131r Apple kullan\u0131c\u0131lar\u0131n\u0131n bekledi\u011fi bir\u00e7ok \u00f6zelli\u011fi sonunda kullan\u0131c\u0131lara sunan Apple ayr\u0131ca sorun ve hatalara da \u00e7\u00f6z\u00fcm olmas\u0131 i\u00e7in ios 11 yaz\u0131l\u0131m\u0131n\u0131 yay\u0131nlam\u0131\u015ft\u0131. \u00d6nce yaz\u0131l\u0131mdan kaynakl\u0131 sorunlar ortaya \u00e7\u0131kmaya ba\u015flad\u0131 \u015fimdi ise sat\u0131\u015f\u0131 ger\u00e7ekle\u015fen baz\u0131 \u00fclkelerde Iphone &hellip;"}

Editör

IPHONE 8 EKRANLARINA NE OLUYOR? Apple geçtiğimiz aylarda ürünlerini tanıtmış ve birçok yenilik, geliştirme ile takipçilerinin olumlu tepkilerini almıştı. Yıllardır Apple kullanıcılarının beklediği birçok özelliği sonunda kullanıcılara sunan Apple ayrıca sorun ve hatalara da çözüm olması için ios 11 yazılımını yayınlamıştı. Önce yazılımdan kaynaklı sorunlar ortaya çıkmaya başladı şimdi ise satışı gerçekleşen bazı ülkelerde Iphone &hellip;
